ime factors of g/(401/134 + 9/(-3))?
2, 67
Let m be 68/4 + (3 - 1)*1. Let z = 18 - m. What are the prime factors of (z/1)/((6 - 0)/(-240))?
2, 5
Let i(b) = 9028*b**2 + 14*b + 26. List the prime factors of i(2).
2, 13, 107
Let d(f) = 2*f**2 - 62*f. Let r be d(31). Suppose -3*z + 405 = -0*z. Suppose r = -b + 16 + z. List the prime factors of b.
151
What are the prime factors of ((-12)/8)/((-10)/(-16792)*46/(-115))?
3, 2099
Suppose 3*n - 6 = -0*n + 4*c, 5*n = 2*c + 10. Let h(y) = 73*y**2 + 15*y - 33. What are the prime factors of h(n)?
17
Suppose 13*z = 10*z + 6. Suppose 2*s + z*s = -y + 14, -5*y = -5*s + 5. Suppose -120 = -5*d + s*f, d + 103 = 5*d - f. List the prime factors of d.
3
What are the prime factors of ((-22)/22)/((-6)/24)?
2
Let z(a) = 189*a - 16. Let y be z(-6). Let f = -547 - y. Suppose 3*n = 4*r + f, n - 2*r = 139 + 62. What are the prime factors of n?
3, 67
Let w = 165702 - 104726. What are the prime factors of w?
2, 37, 103
Let j(s) = 9*s**3 - 15*s**2 + 25*s - 13. Let t(g) = g**3 + g**2. Let k(o) = j(o) + t(o). What are the prime factors of k(4)?
503
Suppose -19*i + 415311 + 64044 = 25844. What are the prime factors of i?
23869
Let o = -2 - -6. Let n(p) = p**3 - 57*p**2 + 57*p + 113. Let c be n(56). Suppose -u + c = -o. List the prime factors of u.
173
Let u(q) = q**3 + 4*q**2 + 3*q. Let b be u(-2). Suppose -3*m - 377 = -s - 123, 5*s = -b*m + 1202. What are the prime factors of s?
2, 11
Let m(x) = -x**3 + 4*x**2 - 5*x + 2. Let l be m(3). List the prime factors of (402 - (3 - 0)) + (0 - l).
13, 31
Let n be (-6992)/48 - 2/6. Let p = n + 99. Let g = 149 + p. List the prime factors of g.
2, 3, 17
What are the prime factors of (-5)/(-1) + (9 - 17 - 1) - -18323?
7, 2617
Let u = -1662 - -7949. List the prime factors of u.
6287
Let q be (-1)/(((-21)/27)/7). Suppose 0 = -4*w + 6*l - 10*l + 44, q = 3*l. What are the prime factors of (-2 - w/(-5))/(1/(-425))?
2, 5, 17
Let u(t) = 454*t - 83. List the prime factors of u(19).
8543
Let a be (16/10)/((-48)/(-360)). Suppose -u - a*w + 10*w = -340, 4*u - 1334 = 5*w. List the prime factors of u.
2, 3, 7
Let s(h) = 9*h - 24*h - 26*h + 11. Suppose -2*v + 9*v + 11*v + 72 = 0. List the prime factors of s(v).
5, 7
Suppose 2*z = -f + 7, 6 + 7 = 5*f - z. Suppose -f*j + j + 774 = 0. What are the prime factors of j?
3, 43
Suppose 140 - 26 = -3*a. Suppose -2*d - 63 - 3 = 0. Let s = d - a. List the prime factors of s.
5
Let g be -132*((-84)/(-16))/(-7). Let w = g - -156. Suppose -w = -d - 4*s, -6*s - 1190 = -5*d - 9*s. List the prime factors of d.
5, 47
Let i(x) = x**2 + 7*x + 19267. List the prime factors of i(0).
19267
Let d be (-472)/(-14) - 36/(-126). Let j(x) = -9*x + d - 48 + 44. List the prime factors of j(-5).
3, 5
Let d(g) = 62552*g**2 + 7*g. List the prime factors of d(1).
3, 7, 331
Let y be 71/3 + 0 - (-179)/537. List the prime factors of y/(-8) + (2 - 0) + 23.
2, 11
Let q(i) = -5*i**3 - 6*i**2 - 23*i + 7. Let m be q(-5). Suppose -y = -5*o + 101 + m, 276 = 2*o - 2*y. List the prime factors of o.
2, 5, 7
Suppose -5*t - 2024 = -n - 444, -4*n = -5*t - 6395. Let j = 2320 - n. What are the prime factors of j?
5, 11, 13
Suppose -138 = -9*n + 123. Suppose -31*i = -n*i + 28. List the prime factors of i/(-91) - 4780/(-26).
2, 23
Suppose -1235*g = -1228*g - 12040. Let u = -1103 + g. What are the prime factors of u?
617
Suppose -12*s + 7220 = -6256. List the prime factors of s.
1123
Suppose -6*v + 17*v + 193860 = 20*v. List the prime factors of v.
2, 3, 5, 359
Suppose -t = -11*n + 6*n - 39, 2*t = -4*n + 36. Suppose -14056 = -4*s - t*s. List the prime factors of s.
2, 251
Let j(b) = 466*b**2 - 93*b + 340. What are the prime factors of j(4)?
2, 29
Suppose 2*a - 20456 = -2*a - 2*v, -a + 5105 = -4*v. Suppose -a = -5*r + 2*x, 6*r = 5*r + 5*x + 1041. What are the prime factors of r?
1021
Let k be 1*(-5 + 2 - -3). Suppose 4*r - 675 - 449 = k. Let w = -135 + r. List the prime factors of w.
2, 73
What are the prime factors of ((-5844)/(-15))/(8/208) + (-48)/(-120)?
2, 5, 1013
Suppose 0 = 2*x - 5*u - 2627, -1018 = -x - 5*u + 273. List the prime factors of x/3 - 30/(-45).
2, 109
Suppose -3*g + 301511 = 4*z, -5*g - 493117 + 116272 = -5*z. What are the prime factors of z?
2, 13, 223
Let n = 282 - 213. Suppose 0 = a + 66 - n. What are the prime factors of a?
3
Let w be (-220)/(-15)*12/(-2). Let f be 3/(-4 + 1) - w. Suppose 5*m - 138 = f. What are the prime factors of m?
3, 5
Let u(s) = s**3 + 12*s**2 + 34*s - 4. Let x be u(-11). Let m = -199 - x. What are the prime factors of m?
2, 29
Suppose -228*m + 19144463 = 88*m - 2904121. What are the prime factors of m?
2, 3, 29, 401
Suppose 17*f + 154 = 630. Suppose f*i + m - 421 = 24*i, -1 = -m. List the prime factors of i.
3, 5, 7
Let d = -1311 - -2572. Suppose d = 8*b - 7*b. Suppose -9*g + b = 82. What are the prime factors of g?
131
Let w(s) = -2*s**3 + 3*s**2 + 41*s - 38. What are the prime factors of w(-20)?
2, 8171
Let s(t) = -14*t - 4. Let r be s(-4). Suppose 0 = -39*v + 35 + 43. Suppose -v*c + 6*c = r. List the prime factors of c.
13
Let r(v) be the second derivative of 5/6*v**4 + 7/2*v**2 - 2*v + v**3 + 0. List the prime factors of r(-2).
5, 7
Let k = 112 + 17. Let u = k + -76. Suppose -5*c = -u - 492. List the prime factors of c.
109
List the prime factors of 4/46 - (-625138)/23.
2, 3, 5, 151
Let a = -8 - -8. Suppose -2*i + 8*i - 144 = a. List the prime factors of i.
2, 3
Suppose -23*p + 4*l = -22*p + 11, 5*l - 10 = 2*p. Suppose 3*d - t - 1489 = -23, 4*d - p*t = 1951. List the prime factors of d.
3, 163
Let z = 48892 - 30432. Suppose 28*d = -1268 + z. What are the prime factors of d?
2, 307
Suppose 0*b - 68149 = -w - 3*b, 5*w = -b + 340717. List the prime factors of w.
83, 821
Let k(i) = 12*i + 10 + 4 + 72*i - 19*i. Let v be k(3). Suppose z + v = 2*b - 4*z, 3*b + 5*z - 351 = 0. List the prime factors of b.
2, 7
Let a(u) = 59 - 4*u - 111 + 59 + 5*u. Let n be a(5). What are the prime factors of (54/(-4))/((-2)/n)?
3
Let d be 4*(5 - 3 - (-11)/(-4)). Let s(o) = 30*o**2 + 46*o - 20. Let r(z) = -6*z**2 - 9*z + 4. Let w(j) = d*s(j) - 16*r(j). List the prime factors of w(-5).
2, 29
Let t = -159 + 163. Let l(o) = -3*o**2 - 6*o + 1. Let p be l(4). What are the prime factors of 2 + 2 + (t - p)?
79
Let i(w) = -w**3 - 15*w**2 - 14*w - 2. Let o be i(-14). Let b be (16/40)/(o/(-20)). What are the prime factors of b/((-12)/33)*-6?
2, 3, 11
Let s be (124/(-217) - 272980/(-14)) + 2. Suppose -32*c = -7*c - s. What are the prime factors of c?
2, 3, 5, 13
Suppose 11*w = 8*w + 5*z + 99048, 99021 = 3*w + 4*z. List the prime factors of w.
11, 3001
Let f(a) = -a**2 - 158*a - 1741. What are the prime factors of f(-97)?
2, 3, 29
Let o = -32 - -36. Suppose 3*a - a = o. Suppose 5*d - 141 = a*d. List the prime factors of d.
47
Suppose 0*i = 5*i + 2*d, 3*i + 2*d = 0. Suppose i = k - 5*s - 46 - 230, 0 = 5*s + 25. List the prime factors of k.
251
Let c = -91 - -49. Let n = c - -37. Let x(w) = -w**3 - 2*w**2 + 4*w + 1. What are the prime factors of x(n)?
2, 7
Let a(h) = -h**3 + 4*h**2 + 8*h - 24. Let i be a(3). List the prime factors of (1 + (-39)/i)*(-1260)/8.
3, 5, 7
Suppose f - 8 = -f. Suppose -f*c = -67 - 1037. Suppose x + 2*x = c. What are the prime factors of x?
2, 23
Let y be (4/(-8))/((-2)/(-20)) - -7821. What are the prime factors of y/16 + (-8)/16?
2, 61
Let v(d) = -42*d + 228. Let u(b) = 22*b - 115. Let x(k) = -5*u(k) - 3*v(k). What are the prime factors of x(14)?
5, 23
What are the prime factors of (-2110)/4*2024/(-110)?
2, 23, 211
Let g = 3604 - 1949. Suppose -4*k + 1697 = -g. List the prime factors of k.
2, 419
Suppose 2*i + 213425 = 5*o - 168921, 3*o - 5*i - 229400 = 0. What are the prime factors of o?
2, 3, 5, 2549
Suppose 3 = -3*i + 2*i - 2*h, 0 = -4*h - 8. Let l be (-314)/(-6 - (-4)/i). Suppose 5*x = 4*q + 164, -5*x + l = -0*x + 3*q. What are the prime factors of x?
2
List the prime factors of -18 - (-272)/17 - (-20861 + -1).
2, 5, 7, 149
Let n(s) = s**3 - 7*s**2 - s + 9. Let o be ((-6)/9)/(2/(-21)). Let x be n(o). Suppose x*r - r = 41. List the prime factors of r.
41
Suppose 36 = -4*j - 3*z, 0 - 27 = 3*j + 2*z. List the prime factors of 605*(j - (-48)/5).
3, 11
Let x(a) = 7*a + 32. Let n(g) = g**2 + g - 11. Let v be n(4). Let j be x(v). Let b = j + 12. List the prime factors of b.